= y**3 - 15*y**2 + 12*y + 19. Let k be x(14). Let v(m) = -m**3 - 8*m**2 + 6*m - 8. What is v(k)?
19
Suppose 0*q = -5*q + 30. Let f(d) = -14*d**2 - 11*d + 20. Let v(c) = 5*c**2 + 4*c - 7. Let r(b) = q*f(b) + 17*v(b). Let y = 101 + -104. Determine r(y).
4
Let r(y) be the second derivative of -2*y**3/3 + 3*y**2/2 - 76*y. Give r(1).
-1
Let c(i) = i**2 + 3*i + 2. Suppose -5*g - 9 = -3*w - 21, 5*w = 3*g - 36. Let y be 1/((-4 - -2)/14). Let b = w - y. Calculate c(b).
0
Let t(w) be the second derivative of w**5/20 + 2*w**4/3 - 13*w**3/6 - 3*w**2 + 25*w. Give t(-9).
30
Let p(d) = -14*d - 19. Let v(w) = 5*w + 6. Let r(x) = -6*p(x) - 17*v(x). Let j be r(10). Let o(m) = 2*m**j + 0*m**2 + 0*m**2 - 2*m. What is o(2)?
4
Let x(p) be the first derivative of p**2/2 - p - 6. Let z = -23 - -27. Let y be z/(-10) - 78/30. Determine x(y).
-4
Let i(w) = 2*w + 2. Let m be (-4)/(-6) - (-11)/(-3). Let y(q) = 3*q + 3. Let d(v) = m*y(v) + 4*i(v). Suppose 19 = r - 7*x + 3*x, 7 = 3*r - 2*x. What is d(r)?
0
Let j(w) = -w**2 - 3*w - 4. Let h = 48 - 46. Let n be (-92)/22 + (h - 40/22). Determine j(n).
-8
Let i be (-98 - -92)*8/6. Let g(c) = c**2 + 5*c - 10. Calculate g(i).
14
Let f(o) = -3*o**3 + 13*o**2 - 4*o - 5. Let v be ((3 - 5) + -4)*(-2)/3. Calculate f(v).
-5
Let u(v) = v**3 - 5*v**2 + 2*v - 6. Let w be u(4). Let m(n) = -n**3 - 15*n**2 - 14*n + 3. What is m(w)?
3
Suppose 150 = -24*t + 29*t. Let a(y) = -57 + t + 26 - 2*y. Suppose -3*u = 6 - 0. Calculate a(u).
3
Suppose 0*o - 12 = -2*o. Let d be -9*-2*(-2)/(-12). Let a(z) = 4*z**2 - d*z**2 - 10*z - 5 + 4*z. Give a(o).
-5
Suppose 4*c = -3*z - c + 22, -24 = -3*z - 3*c. Suppose z*m - 14*m = -15. Let n(q) = 3*q - 1. Give n(m).
8
Let l = -3 - -7. Let k(y) = 7*y + 12. Let u(m) = -11*m - 20. Let v(g) = 8*k(g) + 5*u(g). Give v(l).
0
Let k(y) = 4*y. Let o = -175 - -170. Calculate k(o).
-20
Suppose 318*h + 7 = 311*h. Let r(p) be the first derivative of -3*p**4/2 - 2*p**3/3 + p + 1. Determine r(h).
5
Let r(h) = 4*h - h**2 - h + 6 + 3*h + 0. Let j(k) = -2*k**2 + 12*k + 12. Let c(v) = -6*j(v) + 11*r(v). Calculate c(8).
10
Let b(q) = q + 1. Suppose 7 = m + w, -3*w - 2 = -3*m + 1. Suppose -m = 2*p, 5*l + 0 = 4*p - 7. Calculate b(l).
-2
Suppose 2*t + 9 + 7 = 0. Let c = 10 + t. Let r(s) = -2*s**2 - 2*s**2 + 5*s**c - 7*s + s. Calculate r(6).
0
Let s = -1 - -1. Let k(v) be the first derivative of -19 + 14*v - 1/2*v**2. Give k(s).
14
Suppose -3*t = 7 - 166. Let x(g) = -t*g + 3*g**2 + 28*g + 26*g. Calculate x(1).
4
Let r(g) = -8*g**2 + 11 - 116*g + 126*g - g**3 - 17. What is r(-9)?
-15
Let s(d) be the second derivative of -5*d - 1/20*d**5 + 1/6*d**4 - 3/2*d**2 + 0 + d**3. Calculate s(4).
-11
Let v(a) = -2*a**3 + 11*a**2 + 7*a + 15. Let z(q) = q**3 - 5*q**2 - 3*q - 8. Let n(s) = -s**2 + 16*s - 4. Let g be n(16). Let u(r) = g*v(r) - 9*z(r). Give u(0).
12
Let i(a) = a**3 - 9*a**2 + 7*a + 4. Let j be i(8). Let n(v) = v + 4. Let d(p) = -p - 3. Let m(q) = j*d(q) - 5*n(q). What is m(-5)?
-3
Let r(b) be the third derivative of b**4/24 + b**3/6 - 2*b**2. Let m(o) = -3*o + 5. Let n be (4 - (8 + -2))/(2/4). Let v(f) = n*r(f) - m(f). Determine v(-4).
-5
Let r(l) = 2*l + 10. Let i be (8 - (2 - -4))*-3. Determine r(i).
-2
Let q(w) be the first derivative of w**3/3 - 5*w**2 + w - 314. What is q(9)?
-8
Let h(b) = 71*b**2 - 9 - 70*b**2 - 40*b + 30*b. Calculate h(10).
-9
Let f(g) = 5*g - 38419 + 38418 + 0*g. Suppose -w + 2*w = 1. Calculate f(w).
4
Suppose -3*n = -n + 2. Let p(m) = 398*m**2 + m - 199*m**2 - 205*m**2. Calculate p(n).
-7
Suppose 0*i = 2*g - 2*i - 14, -2*g + 5*i = -11. Let j be 0*((-6)/g)/((-30)/(-20)). Let n(k) = -k - 3. Give n(j).
-3
Let j = 2 - 3. Let o(c) = 3246803*c - 3246804*c - 6*c**2 + 2*c**2 - 5*c**3 + 3*c**2. Give o(j).
5
Let r(t) = t**3 + 8*t**2 + 15*t + 5. Let h be r(-3). Let g(b) = b**3 - 6*b**2 + 6*b - 9. Give g(h).
-4
Suppose 0 = -9*x + 7*x + 18. Let l(u) = u**2 - 14*u + 4. Determine l(x).
-41
Let d(w) = 3*w. Suppose -5*g + 0*a + 3*a = -21, -3 = -3*g - 3*a. Calculate d(g).
9
Let h(r) = 0 - 27*r + 3*r**2 - 3*r**2 + 4 - 4*r**2 + 31*r - r**3. Determine h(-4).
-12
Suppose 0*k + k = o - 2, 3*k = -4*o + 22. Let q = 0 + k. Let h(i) = 0*i + i**2 + 4*i - 2*i + q + 0*i. Determine h(-3).
5
Let n(c) be the first derivative of -c**5/60 + c**4/12 + 2*c**3/3 - 2. Let m(y) be the third derivative of n(y). Calculate m(-2).
6
Let i(r) = 726*r**2 - 2*r + 2 - 3*r + 7*r - 727*r**2. Give i(-3).
-13
Suppose -39*r = 71*r + 990. Let q(x) = x**3 + 8*x**2 - 8*x + 13. What is q(r)?
4
Let r(g) = -2*g + 3. Let j = -419 + 430. Give r(j).
-19
Suppose 13*i - 52 + 13 = 0. Let h(u) be the first derivative of u - i + 9/2*u**2. Give h(-1).
-8
Let d be 1/(6/(-4) - -2). Let u(m) = 3*m - d*m + 6 - 5. Suppose 57*y + 182 = 31*y. Give u(y).
-6
Let s(a) = -a**3 + 4*a**2 + a - 2. Let t(g) = 16*g + 3. Let p be t(-1). Let d(f) = -f**2 - 13*f + 4. Let v be d(p). Give s(v).
2
Let l(j) be the first derivative of j**3/3 - j**2/2 - 20*j + 371. What is l(0)?
-20
Let j(z) = -7*z + 10. Let r(n) = -6*n + 8. Let h(a) = 5*j(a) - 6*r(a). Suppose -3*x - 6 = 18. Determine h(x).
-6
Let i(n) = -n**2 - n. Let a(w) = w**3 - 6. Let l be a(0). Let z = 7 + l. Calculate i(z).
-2
Suppose 0 = 3*l - 6 - 6. Let k(o) be the first derivative of -o**3/3 + 3*o**2 - 5*o + 2. Determine k(l).
3
Suppose -3*f - 2*f + 105 = 5*i, 0 = -3*f - 2*i + 64. Suppose -2 = 12*m + f. Let a(t) = t**2 - 5 + 2 + 2. Determine a(m).
3
Let w(z) = -z**2 + 10*z + 3. Let c(p) = 3*p - 1. Let y(r) = -2*c(r) + w(r). Determine y(4).
5
Let y(u) be the first derivative of 0*u**2 - 2*u**3 + 6*u - 1/4*u**4 + 5. Determine y(-6).
6
Let i(w) = -w - 18. Let r be 19/(-3) - (-5)/15 - 5. Determine i(r).
-7
Let h(v) = 3*v + 12. Let b(q) = 2*q - 12. Let s(u) = 1. Let p(f) = -2*b(f) - 36*s(f). Let l(r) = 3*h(r) + 2*p(r). What is l(-6)?
6
Let t(a) be the first derivative of -a**2/2 + 3*a - 1. Suppose 111 + 57 = -28*x. What is t(x)?
9
Let a(n) = -3*n + 3. Let m be a(3). Let w(o) = 1328*o - o**3 - 5*o**2 + 0*o**3 + 1 - 1321*o. Determine w(m).
-5
Let v(s) = -4*s - 3*s**2 + 5 - 7*s + 4 + 2*s**2 + 3*s. What is v(-9)?
0
Let d be 10 + (-4 - 12/(-3)). Let y = d - 5. Let i(s) = s. Let v(t) = -8*t + 4. Let f(h) = 5*i(h) + v(h). What is f(y)?
-11
Let y(f) = f**3 - 4*f**2 + 4*f - 2. Let t = 17 - 34. Let m = 20 + t. What is y(m)?
1
Let y(s) be the first derivative of -s**4/4 - s**3 + s**2/2 - 3*s - 2. Let w = 3 - -9. Suppose -3*b + w = -7*b. What is y(b)?
-6
Suppose 5*p = -3*j + 36, -5*p + 24 = -4*j + j. Let d(f) = f**3 - 5*f**2 - 2*f. Calculate d(p).
24
Let t be (8 - 3) + (-4)/(16/12). Let u(z) = -7*z + 30 - 55 + z**t + 31. What is u(8)?
14
Let o(q) = -q**3 + 2*q**2 + 4*q - 2. Let b(y) = -y - 65. Let w be b(22). Let c = w + 90. Calculate o(c).
1
Let j(p) = p**3 - 2*p**2 - 5*p + 11. Let o be j(3). Let r(i) = -i**3 + 4*i**2 + 4*i - 3. Determine r(o).
-8
Let q(h) = h**2 - 6*h - 1. Let b = -46 + 65. Suppose b*g + 18 = 22*g. What is q(g)?
-1
Let k(d) = -117*d + 328*d - 103*d - 1 - 109*d. Give k(-7).
6
Let x(p) = 9*p - 2. Let v(j) = -6*j + 1. Let o(n) = -8*v(n) - 5*x(n). Let q be (2 - -1)/(-3 - -2). Give o(q).
-7
Let u(z) = 4*z**2 + 4*z + 1. Let h be u(-2). Let o be h*-1*(13/3 + -5). Let g(d) = -d**2 + 5*d + 7. Give g(o).
1
Suppose 0 = -5*j + 4*u - 30, -2*j + 5*u = -6*j - 24. Let g be -3 + -1*(-4 - -1). Let m(f) = 2 - 6*f + 3 - f**2 + g. What is m(j)?
5
Let s(v) = -3*v + 6. Let j = 194 - 293. Let n = -93 - j. Calculate s(n).
-12
Let t(q) = 4*q**2 + 2*q + 1. Let a be t(-1). Suppose -4*j + 4*x + 24 = 3*x, -a*x - 37 = -5*j. Let f(s) = -s**2 + 5*s. Determine f(j).
0
Let i(s) = 2*s - s**3 + 5*s**2 + 5 - 8*s**2 - 9. Suppose 5*g - 11 = -1. Let b be ((-4)/(-8))/(g/(-16)). Determine i(b).
4
Let l(t) be the second derivative of -t**6/120 + t**5/30 - 2*t**2 - 6*t. Let n(y) be the first derivative of l(y). Suppose 4*h - 19 = -7. Give n(h).
-9
Let m(z) = -z**3 - 5*z**2 - 4*z + 3. Let y be m(-4). Suppose -y*r - 6 = -r. Let n(i) be the second derivative of -i**3/6 + i**2/2 + i - 518. Calculate n(r).
4
Let v(j) = 2*j**3 - 4*j**3 + 1 + 3*j**3 - 2*j - 3*j**2. Let q = 504 + -500. What is v(q)?
9
Let j(m) = -1. Let h(u) = u. Let z = -7 - -3. Let w = -5 - z. Let o(t) = w*j(t) + 2*h(t). Give o(-6).
-11
Suppose -g = -9*w + 12*w - 5, 4*g - 20 = 5*w. Let s(f) = f**2 + f + 14. Determine s(w).